d(39).
91
Let s(z) = 2*z**3 + 342*z**2 - 1759*z + 180. What is s(-176)?
4
Let l(g) = 5*g**3 - 36*g**2 + 22*g - 48. Give l(7).
57
Let w(n) = 5*n**3 + 9*n**2 - 16*n - 53. Calculate w(4).
347
Let j(b) = -b**3 + 12*b**2 - 27*b - 14. Give j(9).
-14
Let j(w) = -w**2 - 52*w - 656. Determine j(-19).
-29
Let l(u) = -11*u + 139. Determine l(12).
7
Let h(o) = o**2 - 50*o + 104. What is h(47)?
-37
Let o(x) = 13*x + 96. Determine o(-20).
-164
Let f(u) = -u**3 - 13*u**2 + 1830*u + 25436. Determine f(-14).
12
Let a(u) = -18*u**3 - 13*u**2 + 48*u. Give a(2).
-100
Let m(q) = -q**3 - 109*q**2 - 1075*q + 303. Give m(-98).
9
Let s(z) = -z**2 - 80*z + 40. Give s(0).
40
Let a(o) = -o**3 + 3*o**2 - 16*o + 80. Calculate a(4).
0
Let o(k) = -281*k - 1345. Give o(-5).
60
Let o(q) = 26*q + 356. Calculate o(-14).
-8
Let q(z) = 9*z - 123. What is q(-15)?
-258
Let d(v) = v**2 - 513*v + 17622. What is d(37)?
10
Let r(h) = -48*h - 1069. Give r(-22).
-13
Let p(b) = -5*b**2 + 537*b + 303. What is p(108)?
-21
Let m(t) = 522*t - 7824. Calculate m(15).
6
Let n(h) = -2*h**3 + 50*h**2 + 5*h - 142. What is n(25)?
-17
Let i(b) = b**3 + b**2 - 2. Calculate i(0).
-2
Let x(h) = h**3 + 11*h**2 - 32*h + 47. Give x(-13).
125
Let f(p) = p**3 - 16*p**2 + 35*p - 282. Give f(15).
18
Let g(n) = -n**3 + 11*n**2 + 2*n - 25. Determine g(11).
-3
Let q(o) = 583*o**2 + 4079*o - 3. Give q(-7).
11
Let a(j) = j**2 + 85*j + 1134. Determine a(-16).
30
Let q(d) = 43*d + 231. What is q(-7)?
-70
Let i(a) = -35*a - 1573. Give i(-45).
2
Let g(y) = -97*y - 782. Calculate g(-8).
-6
Let z(u) = -137*u - 32463. What is z(-237)?
6
Let m(d) = d**3 + 2*d**2 - 25*d - 52. Determine m(-4).
16
Let z(t) = t**3 + 49*t**2 - 157*t - 97. Calculate z(-52).
-45
Let i(x) = -319*x + 638. Determine i(2).
0
Let n(k) = -394*k + 780. Calculate n(2).
-8
Let f(p) = -41*p + 3569. Calculate f(88).
-39
Let o(f) = -36*f + 309. Determine o(4).
165
Let w(c) = 3*c**3 - 826*c**2 + 14137*c - 520. Give w(257).
-6
Let k(b) = -4*b**2 - 103*b + 30. What is k(-13)?
693
Let u(y) = 4*y**2 - 23*y - 102. Determine u(-4).
54
Let y(d) = 7*d**3 - 125*d**2 - 27*d - 10. Calculate y(18).
-172
Let n(w) = -3*w**2 - 46*w + 162. Calculate n(-19).
-47
Let y(j) = -j**3 - 119*j**2 - 1190*j - 226. Give y(-108).
-10
Let v(y) = -32*y - 5434. What is v(-170)?
6
Let y(d) = 63*d - 729. Determine y(12).
27
Let o(t) = -82*t**3 + t**2 + 6*t - 7. Give o(1).
-82
Let j(r) = -48*r - 1680. Give j(-35).
0
Let v(b) = -b**3 + 41*b**2 + 36*b + 271. Give v(42).
19
Let a(o) = 310*o + 52371. Calculate a(-169).
-19
Let f(r) = -r**2 + 12*r + 289. Determine f(-12).
1
Let o(y) = -y**3 + 22*y**2 + 19*y + 96. Give o(23).
4
Let l(c) = -3*c**2 - 9*c - 8. Calculate l(5).
-128
Let l(j) = j**3 + 2*j**2 - 44*j + 5. What is l(-8)?
-27
Let l(o) = -188*o**2 + o. Give l(1).
-187
Let b(i) = -84*i - 157. Determine b(-4).
179
Let d(r) = -r**3 - 2*r**2 - 436*r - 2258. Calculate d(-5).
-3
Let s(h) = h**2 + 23*h + 129. Give s(-16).
17
Let h(w) = 6*w + 19. Determine h(-24).
-125
Let j(r) = -r**3 - 6*r**2 + 15*r + 28. Calculate j(-7).
-28
Let g(x) = -41*x - 156. What is g(-7)?
131
Let o(h) = h**3 + 5*h**2 - 5*h + 1. Determine o(-6).
-5
Let v(g) = 90*g**3 + 2*g**2 - 80*g + 77. Calculate v(1).
89
Let i(p) = -449*p + 13470. Give i(30).
0
Let c(w) = -608*w - 49228. Calculate c(-81).
20
Let f(q) = -q**3 + 50*q**2 - 58*q + 266. What is f(49)?
-175
Let b(w) = -628*w + 5000. Determine b(8).
-24
Let q(g) = g**2 + 144*g - 14135. Give q(67).
2
Let o(c) = -c**2 + 81*c - 12. What is o(81)?
-12
Let q(k) = k**2 - 238*k - 1498. Calculate q(-6).
-34
Let a(b) = -b**2 - 161*b + 1734. Determine a(10).
24
Let h(y) = 9*y + 176. What is h(-17)?
23
Let c(x) = -x**3 - 24*x**2 + 28*x + 87. What is c(-24)?
-585
Let l(g) = -26*g - 808. Determine l(-31).
-2
Let o(g) = 5*g**2 - 600*g + 613. Give o(119).
18
Let r(i) = -i**3 - 8*i**2 + 42*i - 92. What is r(-12)?
-20
Let a(w) = 14533*w - 130798. Calculate a(9).
-1
Let s(u) = -12*u**2 - 78*u - 211. Calculate s(-3).
-85
Let f(p) = -104*p + 517. Calculate f(5).
-3
Let c(h) = -17*h**2 - 781*h - 21. Give c(-46).
-67
Let v(q) = -q**3 - 5*q**2 - 57*q - 210. Give v(-4).
2
Let x(u) = 6*u**3 + 2*u**2 + 146*u + 10. Calculate x(0).
10
Let f(j) = -61*j + 453. Give f(6).
87
Let o(t) = 11*t**2 - 48*t + 52. Calculate o(3).
7
Let c(n) = -n**3 + 7*n**2 + 7*n - 7. Give c(10).
-237
Let g(h) = h**2 + 543*h + 2163. Give g(-4).
7
Let b(r) = r**2 - 143*r + 2614. Determine b(21).
52
Let a(u) = 981*u + 47080. Determine a(-48).
-8
Let h(b) = -b**3 + 14*b**2 + 9*b - 111. Give h(14).
15
Let v(o) = -9*o**2 + 373*o - 184. Calculate v(41).
-20
Let a(n) = -407*n + 160. Determine a(1).
-247
Let v(i) = 7*i**3 + 3*i**2 - 3*i - 8. What is v(-2)?
-46
Let d(t) = -143*t + 10088. What is d(69)?
221
Let t(p) = 37*p + 1054. Determine t(-28).
18
Let u(n) = -91*n - 432. Give u(-4).
-68
Let p(n) = -5475*n - 251856. Determine p(-46).
-6
Let m(w) = -13*w - 21. Give m(0).
-21
Let d(b) = b**3 + 44*b**2 - 259*b - 661. Give d(-49).
25
Let k(w) = 98*w - 3722. What is k(38)?
2
Let w(r) = 9*r**3 - 4*r**2 - 22*r + 50. What is w(2)?
62
Let p(m) = m**3 - 7*m**2 - 12*m + 87. Calculate p(6).
-21
Let q(d) = -d**3 - 2*d**2 + 26*d + 60. Determine q(-3).
-9
Let m(h) = 9*h + 348. Calculate m(9).
429
Let q(f) = -2*f**3 - 24*f**2 - 32*f - 98. Calculate q(-11).
12
Let h(j) = 13*j**3 - 26*j**2 + j + 2. What is h(2)?
4
Let v(u) = -32*u - 1073. What is v(-34)?
15
Let c(y) = 197*y + 12607. Give c(-64).
-1
Let z(s) = -s**3 - 8*s**2 + 6*s + 7. Calculate z(-4).
-81
Let y(p) = -538*p - 3226. Determine y(-6).
2
Let i(d) = -d**3 - 11*d**2 - 124*d - 510. Calculate i(-6).
54
Let o(z) = 23*z - 509. Determine o(21).
-26
Let o(x) = -3*x**2 - 70*x - 348. What is o(-9)?
39
Let d(j) = -5*j**2 - 22*j + 47. Calculate d(2).
-17
Let f(q) = -69*q + 7318. Determine f(106).
4
Let x(n) = 3*n + 304. Determine x(-98).
10
Let x(q) = -2437*q - 19499. Give x(-8).
-3
Let f(j) = j**3 - 38*j**2 + 98*j + 226. Calculate f(35).
-19
Let u(c) = -2379*c - 71366. What is u(-30)?
4
Let f(q) = -21*q + 103. Calculate f(-7).
250
Let x(b) = -b**3 + 13*b**2 + 11*b + 20. Give x(14).
-22
Let q(r) = -2*r**2 - 237*r + 5897. Determine q(21).
38
Let j(b) = -59*b - 2388. Calculate j(-40).
-28
Let d(a) = -2*a**2 - 11*a + 67. Give d(-13).
-128
Let w(b) = b**3 + 4*b**2 - 8*b + 4. What is w(1)?
1
Let g(p) = -p**3 + 76*p**2 + 151*p + 382. Determine g(78).
-8
Let r(a) = -a**2 + 68*a - 535. Calculate r(58).
45
Let x(n) = 244*n + 2682. Determine x(-11).
-2
Let g(m) = -35*m + 126. Calculate g(4).
-14
Let d(r) = 2*r - 84. Give d(72).
60
Let j(t) = 45*t**2 + 2*t + 1. Determine j(1).
48
Let s(m) = 3*m**2 - 515*m + 2531. Determine s(5).
31
Let l(y) = 294*y - 8881. What is l(30)?
-61
Let a(k) = k**3 - 52*k**2 - 14*k + 738. Determine a(52).
10
Let j(i) = 74*i - 759. Determine j(10).
-19
Let j(c) = c**3 + 5*c**2 - 3*c + 34. Give j(-7).
-43
Let w(u) = 2*u**3 + 21*u**2 - 35*u + 23. Determine w(-12).
11
Let v(n) = n**2 + 56*n + 89. What is v(-52)?
-119
Let p(i) = 18609*i - 93045. What is p(5)?
0
Let m(a) = -a**3 + 11*a**2 + 124*a - 989. Give m(7).
75
Let u(h) = -2*h**2 + 10*h + 113. Calculate u(-6).
-19
Let m(j) = -3*j**2 + 359*j - 709. What is m(2)?
-3
Let f(s) = 3*s**2 - 34*s - 28. Calculate f(12).
-4
Let h(z) = -z**2 - 410*z + 7267. Calculate h(17).
8
Let g(p) = 4*p**3 - 11*p**2 - 7*p + 1. Calculate g(5).
191
Let j(y) = -y**2 - 12*y + 400. Determine j(15).
-5
Let q(r) = -r**3 - 9*r**2 + 41*r + 304. Determine q(-10).
-6
Let v(b) = b**2 + 715*b - 17013. What is v(23)?
-39
Let q(y) = 20*y**2 + 342*y + 37. Calculate q(-17).
3
Let s(k) = -k**3 + 17*k**2 - 35*k - 108. Determine s(14).
-10
Let v(o) = o**2 - 41*o - 244. Calculate v(-5).
-14
Let s(r) = r**3 - 3*r**2 - 16*r - 25. What is s(-2)?
-13
Let f(v) = -338*v - 6759. Give f(-20).
1
Let n(w) = -2*w**3 - 517*w**2 - 768*w + 757. Determine n(-257).
-14
Let d(l) = 28*l + 30. Calculate d(-12).
-306
Let w(l) = -21*l + 48. Calculate w(13).
-225
Let z(g) = g**2 + 54*g + 247. Calculate z(-43).
-226
Let y(d) = 2*d**2 - 49*d - 711. Determine y(35).
24
Let b(q) = q**3 + 10*q**2 + 5*q - 84. Calculate b(-8).
4
Let u(r) = r**2 - 281*r + 12444. Determine u(55).
14
Let o(d) = 2*d**2 + 163*d + 1116. Give o(-74).
6
Let p(s) = -5*s - 7. Determine p(-22).
103
Let m(y) = y**2 + 6*y + 47. Calculate m(